{"id":477,"date":"2018-03-19T16:19:39","date_gmt":"2018-03-19T16:19:39","guid":{"rendered":"http:\/\/www.centruderecuperarepastraveni.ro\/?page_id=477"},"modified":"2024-08-24T09:59:00","modified_gmt":"2024-08-24T09:59:00","slug":"buletin-informativ","status":"publish","type":"page","link":"https:\/\/www.crssbarbarastamm.ro\/?page_id=477","title":{"rendered":"Buletin informativ"},"content":{"rendered":"<p>&nbsp;<\/p>\n<table>\n<tbody>\n<tr>\n<td width=\"433\">a)\u00a0\u00a0\u00a0\u00a0\u00a0 actele normative\u00a0care reglementeaz\u0103 organizarea \u0219i func\u021bionarea autorit\u0103\u021bii sau institu\u021biei publice<\/td>\n<td width=\"431\"><a href=\"https:\/\/www.crssbarbarastamm.ro\/?page_id=1074\">Actele normative \u00een temeiul c\u0103rora autorit\u0103\u021biile sau institu\u021biile publice \u00ee\u0219i desf\u0103\u0219oar\u0103 activitatea<\/a><\/td>\n<\/tr>\n<tr>\n<td width=\"433\">b) structura organizatorica\u0103,\u00a0atribu\u021biile departamentelor al autorit\u0103\u021bii sau institu\u021biei publice;<\/td>\n<td width=\"431\"><a href=\"https:\/\/www.crssbarbarastamm.ro\/?page_id=1065\">Regulamentul de Organizare \u0219i Func\u021bionare<\/a><\/p>\n<p><a href=\"http:\/\/www.crssbarbarastamm.ro\/wp-content\/uploads\/2024\/08\/Organigrama.pdf\">Organigrama aprobat\u0103 conform legii<\/a><\/td>\n<\/tr>\n<tr>\n<td width=\"433\">c) numele \u0219i prenumele persoanelor\u00a0din conducerea autorit\u0103\u021bii sau a institu\u021biei publice \u0219i ale func\u021bionarului responsabil cu difuzarea informa\u021biilor publice;<\/td>\n<td width=\"431\">\n<div>Director: Birnat Nicoleta &#8211; Telefon 0720500889<\/div>\n<div>Contabil sef: Ungureanu Mihai &#8211; Telefon 0730118168<\/div>\n<div>Coordonator personal de specialitate: Frunza Liviu &#8211; Telefon 0730118169<\/div>\n<div>Responsabil difuzare informatii de interes public: Ioni\u021b\u0103 Elena Andreea, tel. 0742885777<\/div>\n<\/td>\n<\/tr>\n<tr>\n<td width=\"433\">d)\u00a0\u00a0\u00a0\u00a0\u00a0 coordonatele de contact ale autorit\u0103\u021bii sau institu\u021biei publice;<\/td>\n<td width=\"431\"><a href=\"http:\/\/www.crssbarbarastamm.ro\/?page_id=351\">Datele de contact ale autorit\u0103\u021bii<\/a><\/td>\n<\/tr>\n<tr>\n<td width=\"433\">e) sursele financiare, bugetul \u0219i bilan\u021bul contabil;<\/td>\n<td width=\"431\"><a href=\"http:\/\/www.crssbarbarastamm.ro\/wp-content\/uploads\/2024\/08\/Buget-CRSS-P%C4%83str%C4%83veni-HCJ-nr.-29-din-12.02.2024.pdf\">Bugetul aprobat<\/a><\/p>\n<p><a href=\"https:\/\/www.crssbarbarastamm.ro\/?page_id=1116\">Bilanturi contabile<\/a><\/td>\n<\/tr>\n<tr>\n<td width=\"433\">f) programele \u0219i strategiile proprii;<\/td>\n<td width=\"431\">Rapoarte si studii<\/td>\n<\/tr>\n<tr>\n<td width=\"433\">g) lista\u00a0cuprinz\u00e2nd documentele de interes public;<\/td>\n<td width=\"431\"><a href=\"https:\/\/www.crssbarbarastamm.ro\/?page_id=1165\">Lista documentelor de interes public<\/a><\/td>\n<\/tr>\n<tr>\n<td width=\"433\">h) modalit\u0103\u021bile de contestare\u00a0a deciziei autoritatii sau a institut\u021biei publice \u00een situa\u021bia \u00een care persoana se consider\u0103 v\u0103t\u0103mat\u0103 \u00een privin\u021ba dreptului de acces la informa\u021biile de interes public solicitate.<\/td>\n<td width=\"431\"><a href=\"http:\/\/www.crssbarbarastamm.ro\/?page_id=23\">Modalitati de contestare\u00a0<\/a><\/td>\n<\/tr>\n<\/tbody>\n<\/table>\n<p>&nbsp;<\/p>\n","protected":false},"excerpt":{"rendered":"<p>&nbsp; a)\u00a0\u00a0\u00a0\u00a0\u00a0 actele normative\u00a0care reglementeaz\u0103 organizarea \u0219i func\u021bionarea autorit\u0103\u021bii sau institu\u021biei publice Actele normative \u00een temeiul c\u0103rora autorit\u0103\u021biile sau institu\u021biile publice \u00ee\u0219i desf\u0103\u0219oar\u0103 activitatea b) structura organizatorica\u0103,\u00a0atribu\u021biile departamentelor al autorit\u0103\u021bii&hellip;<\/p>\n<div class=\"read-more\"><a href=\"https:\/\/www.crssbarbarastamm.ro\/?page_id=477\" class=\"read-more-link\">See More<\/a><\/div>\n","protected":false},"author":1,"featured_media":0,"parent":0,"menu_order":0,"comment_status":"closed","ping_status":"closed","template":"","meta":{"footnotes":""},"class_list":["post-477","page","type-page","status-publish","hentry"],"_links":{"self":[{"href":"https:\/\/www.crssbarbarastamm.ro\/index.php?rest_route=\/wp\/v2\/pages\/477","targetHints":{"allow":["GET"]}}],"collection":[{"href":"https:\/\/www.crssbarbarastamm.ro\/index.php?rest_route=\/wp\/v2\/pages"}],"about":[{"href":"https:\/\/www.crssbarbarastamm.ro\/index.php?rest_route=\/wp\/v2\/types\/page"}],"author":[{"embeddable":true,"href":"https:\/\/www.crssbarbarastamm.ro\/index.php?rest_route=\/wp\/v2\/users\/1"}],"replies":[{"embeddable":true,"href":"https:\/\/www.crssbarbarastamm.ro\/index.php?rest_route=%2Fwp%2Fv2%2Fcomments&post=477"}],"version-history":[{"count":16,"href":"https:\/\/www.crssbarbarastamm.ro\/index.php?rest_route=\/wp\/v2\/pages\/477\/revisions"}],"predecessor-version":[{"id":1213,"href":"https:\/\/www.crssbarbarastamm.ro\/index.php?rest_route=\/wp\/v2\/pages\/477\/revisions\/1213"}],"wp:attachment":[{"href":"https:\/\/www.crssbarbarastamm.ro\/index.php?rest_route=%2Fwp%2Fv2%2Fmedia&parent=477"}],"curies":[{"name":"wp","href":"https:\/\/api.w.org\/{rel}","templated":true}]}}